 -66 + 1 + (25 - (-65 + 70)).
-45
What is the value of 11 + (-10 - (12 + -11)) - (12 - -3)?
-15
Calculate -36 + (-7 - -8 - (-109 + 86)).
-12
-51 - (-68 + 99 + -46)
-36
Evaluate (0 - 76) + -44 + (21 - -40).
-59
What is -74 + -12 + 6 + (39 - 10)?
-51
What is the value of (-28 - -15) + (2 - -8 - (-44 - -46))?
-5
What is the value of -70 + 43 - -21 - (21 - 4)?
-23
Calculate (-1 - -45) + -770 + 720.
-6
What is the value of -20 + 3 + (-46 - (-39 + 0))?
-24
-9 + -60 + 49 - -49
29
Evaluate -117 + 22 + (-35 - -82).
-48
(27 - (54 - -10)) + 26 + (1 - -2)
-8
What is the value of 22 + -22 - ((-1 - 3) + (19 - 25))?
10
What is the value of -42 + (48 - (2 - -36))?
-32
Calculate 13 + -1 + (3 + -86 - 7 - 0 - -16).
-62
What is -1309 + 1321 + (-9 + 4 - -1 - -1 - 77)?
-68
What is (70 - 54) + 2 + -16 + 5 + -26?
-19
Evaluate (0 - 49) + (-56 - (-46 + -1)) + 8.
-50
138 + -12 + -103 + -50 + 1
-26
What is -13 - (-22 + -13 - -13 - (-2 - 33))?
-26
What is -176 - (77 + -123 - 61)?
-69
Evaluate (7 - (2 - 46)) + -9.
42
Calculate (-21 - (0 + 35 + -65)) + 2 + -4 + 58.
65
23 + (0 + 0 - 5) - (724 + -729)
23
What is -8 - (4 + -13 - (-12 - -16))?
5
Evaluate 71 - (65 + 7 + 56).
-57
Calculate (-37 - (46 + -26)) + 40.
-17
-88 - (180 + -83 - 68)
-117
Evaluate (-1 - -11 - 5 - 13) + 30.
22
Evaluate -22 + -16 + 16 - (-68 + 8).
38
What is the value of -9 - ((38 - 54) + 11 + -1 + 12)?
-15
Evaluate 2 + 45 + 1 - (-187 - (90 - 271)).
54
Calculate -117 - (-57 - -92 - 95).
-57
Evaluate 31 - (-14 - -5) - 20.
20
Calculate -17 + 2 + (-75 + 4 - (-24 + 32)).
-94
What is 43 + (3 - (15 - 8 - 1)) + -6?
34
What is 50 + (23 + 13 - 51)?
35
Evaluate 0 - (15 + (3 - 17) + -3) - 28.
-26
22 + (25 - 6) - (-31 + -1)
73
What is -938 + 735 + (7 - -82)?
-114
What is 2 + -47 + 1701 + -1693?
-37
-15 - (-29 + 17 - 3 - -13)
-13
(0 - -1 - -15) + -5272 + 5248
-8
What is -39 + -4 + 8 + (11 - 1) + 10 - 103?
-118
Evaluate -43 - (17 - (34 + 66)) - (-2 + -3).
45
What is (1 - 5) + (9 - -25 - (80 - 43))?
-7
Evaluate (-24 - 3) + (49 - (13 + 18)).
-9
Evaluate -87 + (81 - (-21 - 131)).
146
Calculate -5333 + 5374 - (-85 + -3 + 5).
124
-15 - (29 + 3 - 17) - 3
-33
Evaluate 5 + -33 + (89 - 54) + 22.
29
Calculate (3 - (-57 + 3)) + (29 + 23 - 67).
42
96 + -5 + -29 + -64 + (-1 + 1 - -11)
9
What is -9 - (39 + 30 + -3 + 18 + -29)?
-64
Evaluate (1 - -37) + -38 - -21 - -31.
52
14 - 1 - (-158 + 112 + (-5 - (9 - -5)))
78
Calculate (14 - 4) + -1 + -49 + (1 - -13) + -20.
-46
What is 1 + 60 + 2918 + -2944?
35
What is 3766 + -3723 + (0 - (-4 - -24))?
23
What is (-1 + 1 - (-1 - (39 - -33))) + -10 + -2?
61
What is the value of -407 + 374 - (-5 + 1 + -6)?
-23
What is -132 + 76 - -33 - 23?
-46
What is 3 + 5 - (-6 + (-24 - 5))?
43
Evaluate -13 + (-6 - -4) + -7 + -10 + (11 - -8).
-13
Calculate (2 - 62) + (-46 + (29 - 3) - (-23 - -13)).
-70
Calculate 1 - (-7 + 33) - (47 - 81).
9
Evaluate 109 + -2 + -425 + 416 - 4.
94
What is the value of -48 + 58 + (0 - (9 + 6)) - 7?
-12
What is the value of 39 - ((10 - 8) + 8 + 7 + -6)?
28
What is (-1139 - -1229) + -120 + -1?
-31
What is the value of -19 + 89 - (1 - (-1 + 5) - (5 - 5))?
73
What is the value of -66 - (25 - ((7 - -17) + -28))?
-95
What is 14 - 34 - (0 + (-21 + 9 - 76))?
68
(11 + (10 - 4) - 27) + -21
-31
Calculate (37 + 35 - 22) + -50.
0
Calculate 16 + 31 + 1 + -45.
3
-1 - ((0 + -7 - -7 - 0) + 35 - 8)
-28
What is 18 + (-7 - -13) - 5 - 50?
-31
12 + (-4 - 10) + (-2 - -33 - (5 - 9))
33
What is the value of -6 - -1 - (-31 - (-5 + (-8 - (10 + -14))))?
17
What is the value of 51 - 5 - (73 - 64) - (2 - (0 - 1))?
34
What is (91 - (15 - (-2 + 9))) + -1 + -13?
69
Evaluate 1 - (7 - (63 + -8 + -1 + -7)).
41
What is 29 + 35 + -21 + 6?
49
What is (34 - 40 - -10) + -2 + -6 + -3 - -2?
-5
Calculate 41 + (1 + 19 - (-155 + 191)).
25
What is the value of 152 - (-82 + -140 + 269)?
105
What is -9 + 26 - (-12 + 0 + 1)?
28
-11 - (-18 - (23 + -10 - 39)) - 16
-35
(-24 - -5 - 38) + 6
-51
(-5 - -24 - -2 - 66) + 7 + 0
-38
What is -1 - (3 + -5 - (0 + 9 - 12)) - -56?
54
What is the value of 1070 + -1044 + (-100 - 2) + (13 - -1)?
-62
(19 - 1) + 199 + -193 + 11 - (0 - -9)
26
What is 167 + (-347 - -184) + (24 - 1)?
27
What is -18 + (-8 - (17 - (-7 + 96) - -17))?
29
What is the value of -66 + (3 + -17 + 0 - -19) + -8?
-69
Evaluate (6 - (-13 + -6 + 19)) + 0 + -1.
5
Evaluate -9 + (9 - 2 - (-11 + (11 - 6))).
4
What is the value of (-9 - (-70 - -61)) + -9 + -1 - 7?
-17
6 - ((-7 - (21 + -14)) + -3 + 61)
-38
Calculate -35 - ((10 - (-22 - -45)) + 17 + -5).
-34
Evaluate 66 - 22 - (444 - 306).
-94
Evaluate 3 + 23 + -441 + 458.
43
What is -119 + 347 + -132 + -145?
-49
What is the value of (2 - -17) + (-3 - (6 - 18 - -16) - 1)?
11
Evaluate -71 + 64 + 11 + 0 - ((-21 - -11) + 66).
-52
-42 - 25 - -39 - (29 - -4)
-61
What is 19 - (14 - (-5 - 36)) - -12?
-24
What is -2519 + 2443 + (17 - 2)?
-61
Evaluate 5 + -25 + (28 - 14) - (-27 + -6).
27
What is (1 - 8) + (-5 - -13) - 6?
-5
Evaluate (19 - 1) + (1 - 2) - ((315 - 338) + 15).
25
What is (-140 - -62) + 2 + -6 + (2 - 1) + -3?
-84
Calculate 16 - ((4 - -4) + -6 + -12).
26
What is (77 - 119) + (19 - -4)?
-19
Calculate (41 - 34) + (-13 - -2) + 3 + -67.
-68
Calculate -43 + -23 - -14 - -62.
10
What is (-16 - 46) + 61 - (2 - -99)?
-102
What is 17 - 34 - 0 - (91 + -133)?
25
Evaluate 0 - 5 - (-1 + (-1 - (-36 - -43))).
4
Evaluate 11 + (9 - (-17 + 34)) + 58.
61
What is the value of -73 - (-25 + (6 - -9) + (5 - -3 - 5))?
-66
Evaluate 90 - 49 - (-4 - 18).
63
Calculate (-1652 + 1654 - (15 + 0 + 2)) + 98.
83
Evaluate 5 - ((22 - (11 - (-20 + -19))) + (1 - 0)).
32
What is -7 - (7 - 0 - (-14 - -28 - -10))?
10
What is (-205 - -265) + (-1 - 50)?
9
-10 - (-5 + 1) - (14 - (-3 + 20)) - 73
-76
-47 + (49 - -85 - 143)
-56
What is the value of -118 + 99 - (48 + -17)?
-50
Calculate -101 + 95 - (5 - (-5 + -32)).
-48
Evaluate -85 + (91 - 37) + 42 - (-1 + 10 + -1).
3
What is the value of -8 + (3 - 3) + 11 - (-3 - 6) - 2?
10
-59 + (-89 - -58) + 58
-32
What is -365 + (-16 - -311) + 41 + 0?
-29
-95 - (16 - 20 - 86)
-5
Calculate 116 + -108 + 7 - (62 + 0).
-47
(-4 - -61 - 33) + -67
-43
What is the value of 5 - (9 - (-5 - (7 - (14 - 4))) - 7)?
1
Calculate -2 - (0 + 16) - (3393 - 3387).
-24
16 + (16 - 19) - (-2 - (-1 - 26))
-12
Calculate 21 - 1 - (-59 - -65) - (-39 - -23).
30
What is (-6 - 31 - -48 - -6) + 36?
53
What is (-10 + 12 - (-2 + 22)) + 8 + (12 - -47)?
49
What is 25 - ((-34 - 1) + 28 + -1)?
33
What is (-11 - ((1 - 29) + 14 - -10) - -21) + 7?
21
Calculate 2 + -49 - (-166 - (-191 + 58)).
-14
Evaluate 19 - (16 + -10) - -3 - (-11 - -5 - -6).
16
What is -1 + (104 - 83) + 80?
100
Calculate 34 + 9 + -3 + -6 + 3 + (7 - 7).
37
4 + 39 + (7 + -7 - (0 + 3)) - 5
35
Calculate -34 + -5 + (-52 - -67).
-24
Evaluate (14 - 4) + 6 + -1 - (-72 + 70).
17
Evaluate -168 + 167 + 23 + 1 - -3.
26
Evaluate -2014 + 2059 - (21 + 1).
23
Evaluate (2 - (-1 + -1)) + (230 - (128 - -79)).
27
(40 - -4) + -52 + (3 - 0 - 35)
-40
Calculate -349 - -362 - (-9 + 10 + 102).
-90
(76 + -44 - 31) + 4 + 1 - -27
33
What is the value of 2 + (11 - -8) - 14 - (17 + -4 + 10)?
-16
Calculate -16 + 0 + -1946 + 1922.
-40
-1 - -14 - (-69 + 65 + 6)
11
What is the value of (-50 - (-75 + -29)) + 3?
57
Evaluate 11 + -12 - -11 - 7 - 60.
-57
69 - (14 - -27) - 70
-42
(-6998 - -6978) + (-1 - 4)
-25
Evaluate 38 + 24 + (-62 - 2).
-2
11 - (144 - (16 - (18 + -14 + 14 + -11)))
-124
Evaluate 2 + -3 + (5 - 3) + 0 + -255 + 240.
-14
Calculate 22 - ((-72 - -38) + 43).
13
What is the value of 127 - -30 - 141 - (-46 - 2)?
64
Calculate 89 + (-73 - -63) + -101.
-22
What is 517 + -523 + (-99 - -4 - 0) + -11 + 5?
-107
6 + 0 - (-28 + 17 + 87)
-70
What is the value of 0 + (2 - (-1 - (-25 + 9 + 6)))?
-7
Evaluate 1 - 47 - (252 + -265 - (1 + -2 - 4)).
-38
7 + -84 - (-4 - (13 + 2 - 27))
-85
0 + -8 - (-14 - -27 - 1)
-20
What is -10 + 71 + -111 + 43?
-7
25 + (-39 - -28) + -56
-42
Calculate 27 + (-504 - -493 - (0 - -12)).
4
(-6 - (3 - 0)) + (-13 - -12 - -2 - 4)
-12
What is -29235 + 29190 - (2 - (-7 - (0 - (-2 - -3))))?
-53
Evaluate (13 - (13 - 23 - -109)) + -27.
-113
What is the value of 47 - (10 + (1 - 0) - 3)?
39
3 + 42 + -33 + 1 + 20
33
What is (-92 - -2) + (-10 - (12 - 8 - 25) - 6)?
-85
(-47 + 20 - -34) + -6
1
Evaluate -33 + (54 - 8 - -28) + 43.
84
What is the value of 8 + (3 - (0 + -28 + (-22 + 48 - 20)))?
33
6 - ((2